 3 a factor of f?
False
Suppose 45 = 3*k + 5*r, 5 = k + 2*r - 9. Does 7 divide k?
False
Is (-436)/(-10) - (-24)/60 a multiple of 7?
False
Is 16 a factor of 131/4 - (-3)/(-4)?
True
Suppose 4*c + c + 2*y - 939 = 0, 5*y + 364 = 2*c. Does 15 divide c?
False
Let w = -113 + 202. Does 12 divide w?
False
Let p = -6 + 7. Suppose -2*a - 5*b = -49, 0 = -3*b + p + 8. Is a a multiple of 5?
False
Suppose -w - 3*u + 45 = 0, -4*u - 15 = -w + 2. Is w a multiple of 10?
False
Suppose 16*j - 380 = 11*j. Is j a multiple of 6?
False
Let v(n) = -28*n**3 + n**2 + 2 + 0*n**2 + 2*n + 27*n**3. Is v(-3) a multiple of 9?
False
Let w(k) = 3*k**2 + 2*k + 3. Let q be w(-2). Suppose 2*o - 5*v - q = 0, -o = 2*v - 3 + 2. Is 3 a factor of o?
True
Let r(x) = x**2 - 15*x - 50. Does 11 divide r(21)?
False
Suppose 4*m + 5*s = 246, -3*m + s + 322 = 2*m. Is 16 a factor of m?
True
Let x = 9 - 6. Suppose -3*w - 6 = 0, 5*f + 0*w - x*w - 66 = 0. Does 12 divide f?
True
Let z be 8/3 + (-8)/12. Suppose -z*p + 112 = 2*p. Is 14 a factor of p?
True
Let s = 100 - -32. Is 44 a factor of s?
True
Let o(n) = -16*n + 1. Is 6 a factor of o(-4)?
False
Let x(w) = w**3 + 2*w**2 - 3*w + 1. Let z be x(-3). Let p be 63*z*(-1)/(-3). Let r = -12 + p. Is 9 a factor of r?
True
Suppose 5*o = x - 13, 5*x + 5*o = 143 + 72. Is x a multiple of 15?
False
Let g = -29 - -46. Is g a multiple of 2?
False
Let w = -7 + 15. Suppose -3*x = -w*x. Does 9 divide x - -24 - (-5 + 4)?
False
Let t(a) = 4*a**3 + 4*a**2 + 11*a + 8. Let o(s) = 9*s**3 + 8*s**2 + 23*s + 17. Let g(r) = 6*o(r) - 13*t(r). Does 11 divide g(4)?
False
Let y(g) be the third derivative of g**6/360 + g**5/120 - g**4/12 + g**3/6 + 2*g**2. Let w(f) be the first derivative of y(f). Is 10 a factor of w(3)?
True
Does 8 divide (-2 + 24/15)*-20?
True
Suppose -5 = 2*p + 363. Let w = -79 - p. Suppose 0*u - w = -5*u. Is u a multiple of 15?
False
Let s(u) = u**3 + 9*u**2 + 1 + 0*u**2 + 0*u**3 - u. Let k be s(-9). Does 12 divide k + 5/(5/2)?
True
Suppose 0 = 2*y + y - 3*v - 15, v - 35 = -4*y. Is 1/((-4)/y) - -14 a multiple of 12?
True
Does 9 divide 15 + (-1)/(3/3)?
False
Suppose 5*o = 10*o - 50. Suppose 0 = -2*a - o + 66. Does 7 divide a?
True
Suppose f - 3 = 57. Is f a multiple of 11?
False
Suppose 2*g + 4*l = 10, -5 + 15 = g - 3*l. Suppose -r - w = g, 4*r + 20 = r - 2*w. Let b(u) = u**3 + 6*u**2 - 3*u - 8. Is b(r) a multiple of 10?
True
Is (-1234)/(-7) + 6/(-21) a multiple of 22?
True
Let i(q) = 0*q**3 - 1 - 2*q**2 + q**3 + 4*q**2. Let r be i(-1). Suppose 2*c + 3*z - 41 = r, -2*c - z = -61 + 10. Is 10 a factor of c?
False
Let b(q) = 5*q**2 - q - 1. Does 11 divide b(-2)?
False
Let u(c) be the first derivative of 2*c**2 - 13*c + 1. Suppose -d = -6 - 3. Is u(d) a multiple of 8?
False
Suppose -l + 5 = -6*l. Is 2 a factor of (l/2)/((-10)/120)?
True
Suppose 4*c - 32 - 48 = 0. Is c a multiple of 4?
True
Suppose 4*b - 3*b = 0. Let z = 2 - b. Suppose z*j - j = 21. Is 8 a factor of j?
False
Suppose 4*j = 15 + 5. Suppose -4*t - 25 = -j*t. Does 11 divide t?
False
Suppose 5*l + 3 = 2*l. Does 5 divide l/2 - 42/(-4)?
True
Let k(v) = -v**2 - 9*v + 9. Let l be k(-9). Suppose l + 12 = -3*q. Let j = -2 - q. Is 5 a factor of j?
True
Suppose v - 12 = -3*v. Let z be v/((-6)/(-56)) - -3. Suppose 5*p = 19 + z. Is 5 a factor of p?
True
Let h(q) be the first derivative of q**3/3 - 3*q**2 - 3*q + 1. Let z be h(7). Suppose -z*i = -3*j + 3 - 58, -8 = -i - 5*j. Does 13 divide i?
True
Suppose 0 = 3*w + r - 34 - 13, -2*w = r - 33. Let m = w - 4. Does 10 divide m?
True
Suppose -2*g - 3*g + 5 = 0. Is 16 a factor of g + ((-1)/1 - -34)?
False
Suppose 2*f - 2 = -2*z, -2*f = -z - 8 + 3. Does 2 divide f?
True
Is (3/2)/(-2 - (-134)/64) a multiple of 8?
True
Let t(h) = -19*h + 34. Is 11 a factor of t(-4)?
True
Let o = -5 + 17. Suppose -o = 4*i - 60. Is 9 a factor of i?
False
Suppose 0*k = -2*k + 114. Suppose -4*n + n = k. Let f = n - -36. Is f a multiple of 17?
True
Let o(w) = 4*w**2 - w - 4. Is 8 a factor of o(3)?
False
Let t(m) = 23*m**2 - 3*m + 1. Is 10 a factor of t(3)?
False
Suppose 0 = 2*q + 2*q - 96. Suppose 414 - q = 5*l. Let h = l - 48. Does 15 divide h?
True
Let y(u) = 2*u**2 - 5*u - 2. Let p be y(4). Let r(m) = 2*m - 6. Let c be r(p). Let g = 31 - c. Is g a multiple of 8?
False
Is (6 - -180)*(-4)/(-6) a multiple of 31?
True
Let r be -5 - 1*(3 + -6). Let m = r - 12. Let i = m - -24. Is 3 a factor of i?
False
Let k be (328/(-12))/(4/18). Let t = -53 - k. Is 14 a factor of t?
True
Is 12 a factor of (-4)/((-16)/492) + -3?
True
Let g = -29 - -21. Does 18 divide 28/g*7*-2?
False
Let p be 38/(-6) + (-4)/6. Let b be 7 + (-5 - 3/(-1)). Is (-12)/b*(p + 2) a multiple of 6?
True
Suppose -3*x + 20 = -7*x. Let c = x + 50. Suppose t + c = 4*t - 3*g, -39 = -3*t - 3*g. Is t a multiple of 6?
False
Does 7 divide (-6)/14 + (-1414)/(-98)?
True
Let x(s) = -s**2 + 5*s - 1. Let f be x(4). Suppose 2*i - 74 = -f*v, v - 4*i = 24 - 4. Does 12 divide v?
True
Let u(l) = -l**3 + 8*l + 4. Let i be u(-6). Suppose 2*w = 4*w + 3*x - 111, 4*x + i = 4*w. Is 16 a factor of w?
True
Let n(c) = 1006*c**3 - c**2 - c + 1. Let l be n(1). Let d be (-5 + 3)/(6/l). Does 5 divide (-2)/5 + d/(-25)?
False
Suppose 57*v - 448 = 50*v. Is 4 a factor of v?
True
Let b(z) = 2*z - 4. Does 13 divide b(9)?
False
Let p be (2/4)/(1/4). Let v = -2 + p. Suppose v = -r + 11 - 2. Is 9 a factor of r?
True
Suppose 4*t = 5*t. Suppose -3*o + t*o = -96. Does 22 divide o?
False
Let x be 4 + -7 + (-111)/3. Does 2 divide (-24)/20*x/12?
True
Suppose -3*x + 5 = -4. Suppose x*z - 7 = 20. Is z a multiple of 9?
True
Let r be (-13)/(-1) + 7 + -5. Let n(v) = v**3 - 15*v**2 + 3*v + 11. Is 14 a factor of n(r)?
True
Let l = -5 - -3. Suppose 2*x + 4 = -2*h, x + 0*h = -2*h - 7. Is 13 a factor of 26/5*(x - l)?
True
Let j be 4/(-28) - (-100)/14. Does 13 divide (-9)/(-21) + 88/j?
True
Suppose 0 = 3*r - 0*r - 24. Suppose -3*y - 2*d = -3*d - 2, 4*d = 3*y - r. Suppose 2*i + 121 + 109 = 5*j, y = -4*i - 20. Does 22 divide j?
True
Suppose r - 1 = -5*d + 3, 28 = -5*r - d. Let q(g) = -7*g - 3. Let b(w) = -7*w - 3. Let n(y) = r*b(y) + 7*q(y). Is n(-2) a multiple of 4?
False
Let a = -121 - -199. Is 26 a factor of a?
True
Suppose -29 = 2*d - 5*f, -d + 0*f - 27 = -5*f. Let m(t) = 2*t**2 + 4*t + 2. Let p be m(d). Is 6 a factor of -9*p*(-2)/6?
True
Let b(j) = -j**3 - 7*j**2 - j + 7. Let p be b(-7). Is 4 a factor of 3/((-1)/p*-3)?
False
Let d = 27 - -4. Does 31 divide d?
True
Let z(u) be the first derivative of 20*u**3/3 + u - 2. Let j(x) = -x**3 - 2*x**2 - 1. Let r be j(-2). Does 14 divide z(r)?
False
Suppose 5*a - x + 47 = 0, a = 4*a + 4*x + 19. Let h = 16 + a. Is 7 a factor of h?
True
Suppose -5*j + 21 = -f, -f = 2*j - 3*f - 10. Suppose -51 = -3*z + j*b, -z = -2*b - 2*b - 17. Is 9 a factor of z?
False
Suppose 3 = 4*p - 237. Does 30 divide p?
True
Let v be 1/4 - 243/(-36). Let l = 5 + v. Is l a multiple of 8?
False
Let q be 10/45 - 151/(-9). Let c = q - 12. Is 2 a factor of c?
False
Let t(y) = 7*y**3 - 2*y**2 - 2*y + 1. Does 5 divide t(2)?
True
Suppose -4*i - 187 - 501 = 0. Let t be 2/(-7) + i/(-14). Suppose t = 3*b - 12. Is b a multiple of 4?
True
Let n be ((-2)/5 - 0)*-5. Is 2 a factor of (16/(16/4))/n?
True
Suppose -5*i = -4*f - 221, 3*f - i + 180 = -2*i. Let q = f + 96. Is q a multiple of 13?
False
Let v(i) = -i**2 - 13*i - 2. Is v(-7) a multiple of 12?
False
Let y be (6/(-3))/2 + 4. Let a be -2 - -7*3/y. Suppose 5*c + 0*c - 24 = -n, -a*c = -3*n + 32. Does 5 divide n?
False
Let t(u) = -5*u - 6. Let y be t(-6). Suppose -6 = -z - 5*j, j + 3*j = 4*z - y. Is 2 a factor of z?
True
Suppose 10*p - 801 = 519. Is p a multiple of 12?
True
Let h be (3/6)/(2/4). Let b be -1*(1 + h) - -16. Is 3 a factor of (b/(-6))/((-1)/3)?
False
Let t = -4 - -28. Is 8 a factor of t?
True
Let r be 4 - (0 + 1)*2. Suppose -2*f - 7*c + 47 = -2*c, 4*f - 86 = -r*c. Suppose -5*p + 201 - f = 0. Is 18 a factor of p?
True
Let i = -423 + 716. Let m = i - 209. Is 21 a factor of m?
True
Suppose 4*z = 160 + 24. Is 31 a factor of z?
False
Suppose -5*i + 3*p = -831, 4*i + p = i + 493. Does 46 divide i?
False
Does 24 divide -54*(4 - (2 + 6))?
True
Suppose 2*q + 2*n = -10, 2*q - 5 = 4*q + n. Suppose -2*b + q = -6. Suppose -25 = -r - r - b*k, r - k = 0. Does 4 divide r?
False
Let o be 824/32 - (-3)/(-4). Suppose -3*h + o = -17. Is 14 a fa